09 + 155. What is the units digit of a?
2
Let s be 1/5 + 56/20. Suppose -s*h + 119 = -106. Suppose 5*x - 175 = h. What is the tens digit of x?
5
Suppose 2*w + d - 14476 = 36808, 5*w - 3*d - 128221 = 0. What is the ten thousands digit of w?
2
Let o be (-63 - -1) + (-3)/(-3). Let v = -55 - o. Suppose 424 = v*z - 8. What is the units digit of z?
2
Let x = 368 - 365. What is the hundreds digit of x - (180 + 5)*16/(-10)?
2
Let y(c) = 4 + 2*c - 10 + 5*c + 5*c**3 - 3. Let g be y(4). Suppose -5*p = -4*w + g, -2*w + 4*p = -119 - 55. What is the tens digit of w?
8
Let j(i) = 4*i**2 - 3*i + 9. Let d be j(4). Let s be -1 + (d/5 - 2/10). Suppose -o + 2 = 5*b - s, 2*o = 4*b + 82. What is the tens digit of o?
3
Let u be (-6 - -4)*20/(-10) + -268. What is the thousands digit of 48/u + 26668/22?
1
Let z be (-6)/7 - 85470/98. What is the units digit of 4*(z/(-12))/3?
7
Let l(g) = 12*g**2 - 24*g - 16. What is the thousands digit of l(-11)?
1
Suppose 0*o + 2*k = 5*o + 19, 0 = -o - 3*k + 3. What is the units digit of 4 + -2 + o + 520?
9
Suppose -8*f + 16 = -0*f. Let z be f + (1 + -4 + 4)*1. Suppose -2*n + 4*h = -0*h - 238, -2*n + 241 = -z*h. What is the tens digit of n?
2
Suppose 62958 = 18*w - 15*w - 3*j, 0 = 4*w + 2*j - 83980. What is the tens digit of w?
9
Suppose 83*z = -b + 85*z + 14109, 4*z + 24 = 0. What is the hundreds digit of b?
0
Let t(o) be the second derivative of o**5/4 + o**4/4 - 2*o**3 + 16*o**2 + 2*o - 268. What is the hundreds digit of t(3)?
1
Let i(f) = -2*f**3 + 55*f**2 - 196*f - 121. What is the hundreds digit of i(21)?
4
Let r = -19619 - -37336. What is the ten thousands digit of r?
1
Let v(i) = 10*i - 4. Let k be v(-3). Let b = 248 + -394. Let f = k - b. What is the units digit of f?
2
Suppose -18*p + 55*p - 8436 = 0. Suppose -2482 = -230*f + p*f. What is the tens digit of f?
4
Let p(y) = y. Let u(w) = -w**3 - 17*w**2 + 2*w + 6. Let t(h) = -6*p(h) - u(h). Let k(a) = -a**2 + 3*a + 1. Let c be k(6). What is the units digit of t(c)?
0
Let x be -6*(-4)/(-6) + 7. Suppose -7*w + 8*w = -q + 655, 0 = -x*q + 4*w + 1944. What is the units digit of q?
2
Let m(k) = 707*k + 1109. What is the thousands digit of m(15)?
1
Let m be (-81059)/(-44) - ((-11)/4 - -2). Suppose -h = -y + m, 0 = -2*y + 15*h - 11*h + 3678. What is the hundreds digit of y?
8
Let r(g) = -21 - 284*g**2 + 1170*g**2 - g + 22. What is the units digit of r(1)?
6
Suppose -39*s - 3*s + 93226 = -37226. What is the hundreds digit of s?
1
Suppose 5*j - 47905 = 30*o - 25*o, 0 = -5*j - o + 47941. What is the hundreds digit of j?
5
Let w be ((-134)/4)/(6/(-12)). Let v be -200*-2*3/12. Let b = v - w. What is the units digit of b?
3
Let j = 239 - 246. What is the hundreds digit of 6 + (-5560)/(-1 + j)?
7
Let u(a) = -4*a**2 + 6*a. Let i(p) = 17*p**2 - 25*p. Let y(f) = -6*i(f) - 26*u(f). Let d be y(3). Suppose d = b - 123 + 30. What is the units digit of b?
3
Let d(x) = -x**2 - 7*x + 17. Let u be d(-9). Let h = 4 + u. Suppose -r = 4*p - 254, -2*r = -0*p - h*p + 196. What is the tens digit of p?
6
Suppose -30 = 3*o - 0*o. Let h be 6/o - (-99)/15. Suppose 0 = f - 0*y - y - 73, 2*y = h. What is the units digit of f?
6
Let o(m) = -m**3 + 9*m**2 - m + 12. Let i be o(9). Suppose -2*s = -i*s + 2, 2*s = f - 182. Suppose f = 5*t - 3*t. What is the units digit of t?
3
Let k = 22 - 21. Let u be (9 - 6)/(k/7) - 1. What is the tens digit of u/110 - 1162/(-22)?
5
Let z(p) be the third derivative of -71*p**4/24 - 3*p**3/2 - p**2 + 43. What is the tens digit of z(-1)?
6
Let k(y) = 8*y - 33 + 19*y + 18*y - y**2. What is the units digit of k(21)?
1
Let w(j) = -j**3 + 26*j**2 + 57*j - 6. Let h be w(28). What is the units digit of (2 - 0)/(h/2739)?
9
Let s be ((-3)/(-21))/((-2)/(-14)). What is the tens digit of 6 - 2 - s - -211?
1
Let i(a) = 142*a**2 + 23*a - 2. What is the tens digit of i(-2)?
2
Let d be (0 + -4 - (2 - 4)) + 1264. Suppose d = 2*m + 528. What is the hundreds digit of m?
3
Let w(n) = n**3 - 10*n**2 + 8*n + 3. Let i be w(9). Let f(b) = -78*b - 35. What is the tens digit of f(i)?
3
Suppose 5*c - 225 = -11*s + 12*s, -5*c + 2*s = -220. Let l = -62 - 40. Let i = c - l. What is the hundreds digit of i?
1
Let y(i) = 7*i - 44. Let t be y(6). Let v be 4/8 - (-3)/(-4)*t. Suppose -15 = -v*w + 177. What is the units digit of w?
6
Let q(p) = 3*p**2 + 62*p - 32. Let m(b) = 2*b**2 + 17*b + 36. Let n be m(-2). What is the tens digit of q(n)?
8
Suppose -2188*r = -2181*r - 128401. What is the hundreds digit of r?
3
Let s(f) = 2*f**2 - 4*f - 11. Let q be s(4). Let h = 332 + q. What is the units digit of h?
7
What is the hundreds digit of (-6)/(-27) + (-7 - 1247449/(-63))?
7
Let j(c) = 4*c**2 - 27*c + 460. What is the units digit of j(39)?
1
Suppose -5*l - 146 = -4*o - 3*l, l - 131 = -4*o. Let y = 83 + o. Let g = 68 + y. What is the tens digit of g?
8
Suppose -5*b + b + 4*d + 12 = 0, 3*b + 3*d - 9 = 0. Suppose -14*g + b*g = -3377. What is the hundreds digit of g?
3
Suppose -4*u + 16 = -4*j, -4*u - 5*j + 2*j + 16 = 0. Let t be -4 + 515/5 - (-2 + u). Let q = t - 51. What is the units digit of q?
6
Let z = -1685 + -2759. What is the thousands digit of z/4*(4 + -5)/1?
1
Let l = 10061 - 5756. What is the tens digit of l?
0
Let g(j) = j - 3. Let l(s) = -672*s + 35. Let k(o) = 4*g(o) - l(o). What is the hundreds digit of k(2)?
3
Suppose 6*v - 12*v + 189980 = 8*v. What is the units digit of v?
0
Let h(u) be the first derivative of 10*u**2 + 134*u - 38. What is the units digit of h(23)?
4
Let f be (-25)/30 + 1 + (-2)/12. Suppose -2*x - 3715 = -5*c - f*c, 2985 = 4*c + x. What is the units digit of c?
5
Suppose -3*s = 2*w + 59 - 71, 2*s - 4*w - 24 = 0. Suppose -772 = -a + u, -u + 20 = -s*u. What is the hundreds digit of a?
7
Suppose 4*c + 17*i - 13*i = 166880, 5*c + 2*i - 208624 = 0. What is the units digit of c?
8
Suppose u = 2*x - 32677, -14*x + 18*x - u - 65361 = 0. What is the thousands digit of x?
6
Suppose -2*s - f + 11218 = -9648, 0 = -3*s - 2*f + 31298. What is the units digit of s?
4
Suppose 2*a - 5*k - 59707 = 0, -80*a + 84*a + 5*k = 119399. What is the tens digit of a?
5
Let w(q) = 70*q**2 + 44*q - 355. What is the thousands digit of w(6)?
2
Suppose -z - y = -6, 3*y - y = 8. Suppose -s - 3*x = -0 - 12, -z*x = -2*s. What is the units digit of (s/(-2))/(2*(-1)/52)?
9
Suppose -2*j = -5*a - 36357, -4*j + 4*a + 42848 = -29872. What is the tens digit of j?
8
Let a = -58 - -58. Suppose a = -5*k - 30 + 75. What is the tens digit of (35/3)/(12/k + -1)?
3
Suppose 2*q + n + 348 - 3442 = 0, -4634 = -3*q + 2*n. Let d = q - 903. What is the tens digit of d?
4
Suppose -5*y - 4*a + 14 = 0, 1 = -2*y + a + 4*a. Suppose 6*l + 907 = 5*u + y*l, -4*l + 191 = u. Suppose -14*v + u = -11*v. What is the tens digit of v?
6
Suppose -3*w - 721 - 1061 = 0. Let f = 897 + w. What is the units digit of f?
3
Suppose -s - 2*g = -4, -4*s - g = -6 + 4. Suppose 3*d - 2*x - 2*x - 1054 = s, 0 = 2*d + 3*x - 680. What is the hundreds digit of d?
3
Let b = 62 - 5. Suppose -b = -p - 365. What is the units digit of p/(-6)*(10/4 + -1)?
7
Let w(h) = 230*h**2 + 8 + 234*h**2 + 7*h - 462*h**2 - 24*h**3. What is the tens digit of w(-3)?
5
Let a be (-639)/1 + (-6 - -3) - -1. Let i = a - -984. What is the tens digit of i?
4
Let k(n) = n**3 + n**2 - 1. Let r(b) = 4*b**3 + 16*b**2 + b + 14. Let q(s) = 3*k(s) - r(s). Let h be q(-13). What is the units digit of (h + -59)*(-3)/3?
3
Let i(o) = 41*o**2 + 4*o - 373. What is the thousands digit of i(14)?
7
Suppose 2*b + 4455 = -4*t - 569, 8 = -4*b. Let z = 1786 + t. What is the tens digit of z?
3
Let v(q) be the first derivative of 31*q**2/2 - 2*q + 23. Let a be v(7). Let w = -124 + a. What is the tens digit of w?
9
Suppose 13 = 6*t + 1. Let g = 15 + -12. What is the units digit of (g/t)/(3*(-4)/(-552))?
9
Let q(c) = -c**2 - 6*c - 6. Let t be q(-3). Let a(r) = -3*r - 2 + 4*r**2 - 2*r**t + 7*r**3 - 5 + r. What is the hundreds digit of a(3)?
1
Let k(w) = -715*w**3 - 11*w**2 - 13*w - 23. What is the hundreds digit of k(-5)?
1
Suppose 25*d - 29*d - 5*l = -1575, d - 420 = 4*l. What is the tens digit of (374/(-10))/((-80)/d)?
8
Suppose -12*a + 9815 = -7*a. Let m = 3293 - a. What is the tens digit of m?
3
Let s = -2878 + 15536. What is the thousands digit of s?
2
Let h be (-6)/5 + (-912)/190. What is the tens digit of 0 + (-10 - h) + 539